 List the prime factors of d.
2, 3, 19
Suppose -66*c = -109*c + 2466738. What are the prime factors of c?
2, 3, 3187
Suppose -5*x - o + 554 = 0, -2*x + 7*o + 208 = 4*o. Suppose 12*k - 14*k = -8. What are the prime factors of x + k*(-1)/(-2)?
2, 7
Let a = -192 + 115. Let w = 77 + a. Let t(v) = v**2 + v + 152. What are the prime factors of t(w)?
2, 19
Let h = -1539 - -840. Let j = 5 - h. What are the prime factors of j?
2, 11
Let y = 330 - 756. Let h = y - -560. What are the prime factors of h?
2, 67
Suppose -5712 = 10*h - 22*h. Let s = -22 + h. List the prime factors of s.
2, 227
Suppose -6*l - 1894 = -8*l. Let y = 1338 - l. What are the prime factors of y?
17, 23
Suppose 0 = 74*h - 72*h - 36. Suppose -18*u + 22*u - 76 = 0. Let i = u + h. List the prime factors of i.
37
Let b be ((-56)/(-10))/(34/85). Suppose -b*m + 800 = v - 15*m, 5*v - m = 3988. List the prime factors of v.
797
Let k(l) = 17*l**3 - 15*l**3 + 258 - 34. List the prime factors of k(0).
2, 7
Suppose 2*u - 2*l = 1104, 5*u = -730*l + 726*l + 2760. List the prime factors of u.
2, 3, 23
Suppose 86*u = 82*u - 40. Let a(f) = 6*f**2 + 26*f + 21. What are the prime factors of a(u)?
19
Let n(d) = d**3 - 13*d**2 + 15*d - 49. Let h be n(12). Let o(c) = 3 - c**3 + 2*c - 2*c**3 + 4*c**3 + 14*c**2. What are the prime factors of o(h)?
2, 73
Let b = -53 - -47. Let u be (-8)/b - 1068/(-9). Suppose -u = -8*s + 2*s. List the prime factors of s.
2, 5
Suppose -n = 2*l + 9, -2*l - 36 = 5*n - 15. Let v(o) = -17*o**3 - 6*o**2 - 3*o - 6. What are the prime factors of v(l)?
2, 3, 17
Let r be (52/10)/(9/45). Let k = 26 - r. Suppose -4*z + 380 - 8 = k. What are the prime factors of z?
3, 31
Let c = -69 - -39. Let h = 40 + c. Suppose -h*x + 1070 = 80. What are the prime factors of x?
3, 11
Let w(g) = g**2 + 10*g + 19. Let o be w(-8). Let n(b) = -6*b**2 + b**2 - 2*b**o - 6*b - 1 - 1. List the prime factors of n(-4).
2, 5, 7
Let q(l) = l**3 - l**2 + 5*l + 454. Let o be q(0). Let c = o + -145. List the prime factors of c.
3, 103
Let s(u) = -u**2 + 6*u + 43. Let i be s(8). Suppose 26 = 4*l + 3*o, 7*l = 2*l + 4*o + 17. Let n = i + l. What are the prime factors of n?
2
List the prime factors of 116854*2/10 - (-820)/(-1025).
2, 3, 5, 19, 41
Suppose 0 = -j - 15*w + 14*w + 9, -5*j + 45 = -2*w. Let l(k) = 2*k**3 - 5*k**2 - 9*k - 32. What are the prime factors of l(j)?
2, 5, 47
Let l(v) be the first derivative of 5*v**3/3 - 3*v**2/2 - 3*v + 13. Let b be l(-1). Suppose 0*o + t + 97 = 4*o, -b*o + 116 = -3*t. List the prime factors of o.
5
Let i be (-4)/22 - (-1012)/242. Suppose -28 = -i*b - 5*c + 9, -4*b - 4*c = -32. Suppose -288 = -5*z - b*z. What are the prime factors of z?
2, 3
Suppose -37*g = 110762 - 272378. List the prime factors of g.
2, 3, 7, 13
Let a(g) = 6*g**3 - 3*g**2 + 2. Suppose -39*f + 34*f = -5. Let m be a(f). Suppose -2*y + 3*k - 463 = -6*y, 87 = y - m*k. What are the prime factors of y?
2, 7
Let n = -36 - -43. Suppose -9*x + n*x = -22. Suppose -x*p = -13*p + 288. List the prime factors of p.
2, 3
Let z(f) = 3620*f + 1901. List the prime factors of z(3).
7, 1823
What are the prime factors of 8*(-15)/10 + 21381?
3, 17, 419
Suppose 3*h + 4*m = 1388, 2*h - 2*m = m + 914. Suppose 5*g - 4*n = 2258, -4*n - h = -g + n. List the prime factors of g.
2, 3, 5
Let h(j) = 1607*j + 2199. List the prime factors of h(28).
5, 9439
Let f(w) = 3*w**3 - 7*w**2 + 13*w - 34. What are the prime factors of f(5)?
3, 7, 11
Suppose -14*f - 3 = 67. Let s be (-114)/2*f/15. Suppose 4*i - 4*a = 140, 0 = 5*i - 4*i - 5*a - s. List the prime factors of i.
3, 13
Suppose -3*t - 4*i = 17, -5*t + 3*t - 4*i - 18 = 0. Suppose 0 = r - t, 0*j - r - 727 = -4*j. What are the prime factors of j?
2, 7, 13
Let w be 4/(2/5 + (-9504)/23960). Let v = w - 168. Suppose 3*b + 7*b = v. What are the prime factors of b?
103
Suppose 146 = 11*g + 14. What are the prime factors of g + -6 - 6 - (-383 - 1)?
2, 3
Suppose 0 = 5*r - 5*p - 4000, 4*p = 2*r + 9*p - 1593. Suppose 3*b - 2*l - r = 0, 0 = -8*b + 3*b - 3*l + 1300. What are the prime factors of b?
263
Let b be ((-1 - -1)/2)/(-2). Let c be -18*(-1)/(12/8). Suppose b = 3*l - c - 84. What are the prime factors of l?
2
Let c be (3 - 370)/((-1)/2). Suppose 0 = -92*i + 90*i + c. List the prime factors of i.
367
Let j(p) = -2*p**2 + 9*p - 14. Let g be j(6). Let n = -32 - g. Suppose 5*y - 2*y - 84 = n. List the prime factors of y.
2, 7
Let y(c) = c**3 - 4*c**2 - 14*c - 45. Let r be y(7). Let x(s) = 59*s**2 + 2*s + 24. List the prime factors of x(r).
2, 61
Let d = -17 + 19. Suppose y - 159 = 3*b, y + d*b = 6*y - 860. What are the prime factors of (y/9)/((-6)/(-9))?
29
Suppose -24 = -9*q + 3*q. What are the prime factors of ((-6)/q)/(3/(-376))?
2, 47
Let b be 8 - (1 - -2) - -2. Suppose 0 = -8*k + b*k - 65. Let f = 2 - k. List the prime factors of f.
67
Suppose 98*l = -93*l - 45*l + 6253292. What are the prime factors of l?
26497
Let f be 136/(-34) - (8/(-2) + -2). Suppose -7*r + f*r = -4*v + 140, 2*v = 2*r + 70. List the prime factors of v.
5, 7
Let r = 63 + -43. Suppose -r*c - 99 = -21*c. List the prime factors of c.
3, 11
Let p(z) = 7*z**2 + 24*z + 10. Let c(g) = g**3 + 20*g**2 + 73*g + 31. Let m(d) = -2*c(d) + 7*p(d). List the prime factors of m(-7).
3, 109
Let n be 8 + 7 + 6654 + 6. Suppose -n = -4*s - s. What are the prime factors of s?
3, 5, 89
What are the prime factors of (-11)/((-275)/10) - (-69026)/10?
3, 13, 59
Let q(b) = -92*b + 3. Let t be q(-6). Suppose t - 219 = 6*z. Let m = 98 - z. List the prime factors of m.
2, 3, 7
Let w(v) = 8*v**2 + 15*v + 14. Let h be w(-5). Let g = h - -116. What are the prime factors of g?
3, 5, 17
Let l(r) be the third derivative of 3*r**5/20 - 13*r**4/24 - r**3/3 + 19*r**2 - 1. What are the prime factors of l(-10)?
2, 257
Suppose 4*u - 18 = -3*l - 629, 3*l + 313 = -2*u. Let b = 509 - u. List the prime factors of b.
2, 7, 47
Let c(z) = -125*z**2 - 6*z + 11. Let l(q) = -124*q**2 - 7*q + 12. Let s(f) = 5*c(f) - 6*l(f). What are the prime factors of s(2)?
3, 7, 23
Let a(b) = b**3 - 17*b**2 + 16*b + 20. Let t be a(16). Let s be (-5)/(t/(-12)) + 228/(-3). Let h = 114 - s. What are the prime factors of h?
11, 17
Let k = 496 + -492. Suppose -k*r = -h + 1170, -6*h + h - 3*r = -5804. What are the prime factors of h?
2, 7, 83
Let g = -146 - -136. Let s(k) = -4*k**3 - 30*k**2 + 15*k + 24. List the prime factors of s(g).
2, 19, 23
Suppose 5*q = -3*b - 20, -b - 7*q = -3*q + 9. Let x be (-3)/(-1) - 10/b. Suppose 0 = -4*c - 2*i + 104, 5*i - 10 = x*c - 140. List the prime factors of c.
2, 13
Let s(v) = v**2 + 65*v - 386. List the prime factors of s(41).
2, 3, 5, 11
Suppose 77722 = 43*c - 21416 + 14901. List the prime factors of c.
3, 653
Let b = 167 + -279. Let g = b - -126. What are the prime factors of g?
2, 7
Let q = -59731 + 86547. List the prime factors of q.
2, 419
Suppose 0 = -53*g - 61*g + 454860. What are the prime factors of g?
2, 3, 5, 7, 19
Let l(t) = -65*t**3 - t**2 - 4*t. Let a be l(3). Let g = -946 - a. List the prime factors of g.
2, 5, 83
Suppose -314*c - 12000 = -319*c. List the prime factors of c.
2, 3, 5
Suppose 0 = -s - 3*u + 23, -u - 10 = -3*u. Let l(g) = 10*g - 28. Let h be l(3). Suppose h*w = s*w - 810. What are the prime factors of w?
3, 5
Suppose 18 = -b - 4*w, -28 + 12 = 2*b + 4*w. Suppose c = -4*c - 5*q + 40, b*c - 18 = -4*q. What are the prime factors of c?
7
Suppose -4*w + 12676 = 244*q - 243*q, 5*q - 15845 = -5*w. What are the prime factors of w?
3169
Suppose -6*i - 155 - 19 = 0. Let r be -3 + i/(-9) - (-215)/45. Suppose 0 = r*y - 340 - 230. What are the prime factors of y?
2, 3, 19
Let b(d) = -5*d + 57. Let k be (-7 - (-6 - 4)) + (-24 - 0). List the prime factors of b(k).
2, 3
Suppose 2*g + 4*k = -700, -5*k + 822 = -5*g - 868. Let m = -84 - g. List the prime factors of m.
2, 3, 43
Let m(k) = 3*k + 55. Let p be m(-17). Suppose -2*n - 3*t = -605, -p*n - 6*t + 1212 = -2*t. What are the prime factors of n?
2, 19
Suppose -2*b = 4*r - 116, 3*b + r = 4*b - 52. Let z = 633 + b. List the prime factors of z.
3, 229
Let z(m) = m**2 + 7*m + 4. Let r be z(-7). Let t = 587 - 132. Suppose -9*l = -r*l - t. List the prime factors of l.
7, 13
Suppose -4 = -2*c, -3*i + 2*i = -2*c - 223. Suppose -i = -6*v - 731. Let g = v - -141. List the prime factors of g.
3, 19
Suppose f - 